{"id":1324,"date":"2023-03-02T11:00:07","date_gmt":"2023-03-02T16:00:07","guid":{"rendered":"https:\/\/grafperu.com.pe\/?post_type=product&#038;p=1324"},"modified":"2023-03-02T11:02:15","modified_gmt":"2023-03-02T16:02:15","slug":"detalles-corporativos-frasquitos-con-dulces-01","status":"publish","type":"product","link":"https:\/\/grafperu.com.pe\/index.php\/producto\/detalles-corporativos-frasquitos-con-dulces-01\/","title":{"rendered":"Detalles Corporativos Frasquitos con Dulces 01"},"content":{"rendered":"<p class=\"section-subtitle\">En Grafperu sabemos que dar un regalo, obsequio o detalle corporativo a tus colaboradoras celebrando una fecha especial por el d\u00eda de la mujer o de la madre es un gran acierto y una demostraci\u00f3n de reconocimiento hacia ellas por su gran labor.<\/p>\n<p class=\"section-subtitle\">En Grafperu identificamos que las mujeres tienen una perspectiva diferente, por ello durante en el desarrollo de sus labores diarias pueden hacer frente a problemas y solucionarlos, logrando tambi\u00e9n hacer varias tareas a la vez de manera \u00f3ptima, creando mejoras, minimizando procesos que benefician largamente a las empresas, adem\u00e1s demuestran un mayor compromiso, colaboraci\u00f3n, empat\u00eda y tienen menor taza de rotaci\u00f3n.<\/p>\n<p class=\"section-subtitle\">Por ello sabemos en Grafperu que no debes dejar pasar esta oportunidad y enviar un detalle que las haga sentir valiosas en tu empresa y conseguir as\u00ed ese ambiente familiar que solo ellas saben crear. Tenemos diferentes kits que la sorprender\u00e1n. Cajas con chocolates, tazas con un dise\u00f1o \u00fanico y especial que ellas se merecen.<\/p>\n","protected":false},"excerpt":{"rendered":"<p>Dar regalos corporativos es un grandioso gesto de reconocimiento, agradecimiento e inclusi\u00f3n que hacen las empresas. No dudes en dar regalos para celebrar el d\u00eda de la mujer o d\u00eda de la madre en la oficina.<\/p>\n<p>Detalle:<\/p>\n<ul>\n<li>Frasquito de Vidrio lleno de Dulces con Etiqueta con logo y dise\u00f1o de la Fecha.<\/li>\n<li>Incluye Tag con Mensaje y Logo<\/li>\n<\/ul>\n<p>&nbsp;<\/p>\n","protected":false},"featured_media":1325,"template":"","meta":{"_et_pb_use_builder":"","_et_pb_old_content":"","_et_gb_content_width":"","_joinchat":[]},"product_brand":[],"product_cat":[276,275,274],"product_tag":[46,40,39,175,48,111,121,122,43,27,53,123,62,64,31,38,176,177,178,179,50,180,60,181,182,125,54,47,200,201,183,26,33,34,63,55,36,44,184,185,186,28,129,130,131,132,37,61,29,174,133,134,199,187,41,188,189,190,191,192,193,194,195,196,197,198,170,136,137,138,139,42,140,141,142,143,144,171,145,146,147,126,148,149,150,151,152,153,135,154,127,128,155,156,157,158,159,160,161,162,163,164,165,277,166,167,168,124,172,169,173],"class_list":{"0":"post-1324","1":"product","2":"type-product","3":"status-publish","4":"has-post-thumbnail","6":"product_cat-dia-de-la-madre","7":"product_cat-dia-de-la-mujer","8":"product_cat-regalos-navidad-corporativo","9":"product_tag-afiches-publicitarios","10":"product_tag-agendas","11":"product_tag-agendas-corporativas","12":"product_tag-arenat","13":"product_tag-banners-peru","14":"product_tag-barato","15":"product_tag-box-de-regalos-corporativos","16":"product_tag-cajas-de-regalo-corporativos","17":"product_tag-calendarios-de-escritorio","18":"product_tag-calendarios-publicitarios","19":"product_tag-canastas-navidad-peru","20":"product_tag-canastas-navidenas-peru","21":"product_tag-carton-kraft","22":"product_tag-cartulina-kraft-peru","23":"product_tag-centro-de-lima","24":"product_tag-cuadernos-ecologicos","25":"product_tag-cuadernos-ecologicos-peru","26":"product_tag-cuadernos-ecologicos-publicitarios","27":"product_tag-dayaperu","28":"product_tag-detalazo-peru","29":"product_tag-dipticos","30":"product_tag-dulce-compania-peru","31":"product_tag-ecologico","32":"product_tag-ecologics-peru","33":"product_tag-ecomillennials-peru","34":"product_tag-economico","35":"product_tag-fotochecks-peru","36":"product_tag-gigantografias-peru","37":"product_tag-grafperu","38":"product_tag-grafperu-regalos","39":"product_tag-hennacorp-peru","40":"product_tag-imprenta-economica","41":"product_tag-imprentas-wilson","42":"product_tag-impresion","43":"product_tag-kraft","44":"product_tag-lanyards-peru","45":"product_tag-lapiceros-publicitarios","46":"product_tag-lapiz-semilla","47":"product_tag-libretas-ecologicas","48":"product_tag-libretas-ecologicas-peru","49":"product_tag-libretas-ecologicas-publicitarias","50":"product_tag-lima","51":"product_tag-macetas-biodegradables","52":"product_tag-macetas-de-arcilla","53":"product_tag-macetas-de-cemento","54":"product_tag-macetas-decorativas-peru","55":"product_tag-merchandising","56":"product_tag-merchandising-ecologico","57":"product_tag-peru","58":"product_tag-pisco-para-regalo-peru","59":"product_tag-regalar-plantas","60":"product_tag-regalar-vida","61":"product_tag-regalos","62":"product_tag-regalos-con-proposito-peru","63":"product_tag-regalos-corporativos","64":"product_tag-regalos-corporativos-anti-stress-peru","65":"product_tag-regalos-corporativos-clientes-peru","66":"product_tag-regalos-corporativos-cumpleanos-peru","67":"product_tag-regalos-corporativos-dia-de-la-amistad-peru","68":"product_tag-regalos-corporativos-dia-de-la-cancion-criolla-peru","69":"product_tag-regalos-corporativos-dia-de-la-madre-peru","70":"product_tag-regalos-corporativos-dia-de-la-maestra-peru","71":"product_tag-regalos-corporativos-dia-de-la-mujer","72":"product_tag-regalos-corporativos-dia-de-la-secretaria-peru","73":"product_tag-regalos-corporativos-dia-de-san-valentin-peru","74":"product_tag-regalos-corporativos-dia-del-empleado-peru","75":"product_tag-regalos-corporativos-peru","76":"product_tag-regalos-corporativos-premium","77":"product_tag-regalos-de-aniversario-para-mi-novio","78":"product_tag-regalos-de-cumpleanos","79":"product_tag-regalos-de-navidad","80":"product_tag-regalos-ecologicos","81":"product_tag-regalos-ecologicos-peru","82":"product_tag-regalos-ecologicos-premium","83":"product_tag-regalos-empresariales","84":"product_tag-regalos-empresariales-premium","85":"product_tag-regalos-flores","86":"product_tag-regalos-gourmet-peru","87":"product_tag-regalos-navidad","88":"product_tag-regalos-para-cumpleanos","89":"product_tag-regalos-para-el-dia-del-padre","90":"product_tag-regalos-para-empresas-peru","91":"product_tag-regalos-para-hombres","92":"product_tag-regalos-para-mama","93":"product_tag-regalos-para-mi-novio","94":"product_tag-regalos-para-mujeres","95":"product_tag-regalos-para-navidad","96":"product_tag-regalos-para-papa","97":"product_tag-regalos-para-recien-nacidos-corporativos","98":"product_tag-regalos-personalizados","99":"product_tag-regalos-personalizados-corporativos","100":"product_tag-regalos-personalizados-para-empresas","101":"product_tag-regalos-premium","102":"product_tag-regalos-premium-a-domicilio","103":"product_tag-regalos-premium-corporativos","104":"product_tag-regalos-premium-para-empresas","105":"product_tag-regalos-premium-para-hombres","106":"product_tag-regalos-premium-para-mujeres","107":"product_tag-regalos-premium-peru","108":"product_tag-regalos-primer-mes-de-enamorados","109":"product_tag-regalos-promocionales","110":"product_tag-regalos-vivos","111":"product_tag-regalos-vivos-peru","112":"product_tag-regaloscorporativos-pe","113":"product_tag-suculentas","114":"product_tag-suculentas-peru","115":"product_tag-suculentasperu","116":"product_tag-toritos-de-pucara-peru","117":"product_tag-vinos-para-regalo","118":"product_tag-vivero-lima-peru","119":"product_tag-whisky-para-regalo","121":"first","122":"instock","123":"shipping-taxable","124":"product-type-simple"},"jetpack_sharing_enabled":true,"_links":{"self":[{"href":"https:\/\/grafperu.com.pe\/index.php\/wp-json\/wp\/v2\/product\/1324","targetHints":{"allow":["GET"]}}],"collection":[{"href":"https:\/\/grafperu.com.pe\/index.php\/wp-json\/wp\/v2\/product"}],"about":[{"href":"https:\/\/grafperu.com.pe\/index.php\/wp-json\/wp\/v2\/types\/product"}],"wp:featuredmedia":[{"embeddable":true,"href":"https:\/\/grafperu.com.pe\/index.php\/wp-json\/wp\/v2\/media\/1325"}],"wp:attachment":[{"href":"https:\/\/grafperu.com.pe\/index.php\/wp-json\/wp\/v2\/media?parent=1324"}],"wp:term":[{"taxonomy":"product_brand","embeddable":true,"href":"https:\/\/grafperu.com.pe\/index.php\/wp-json\/wp\/v2\/product_brand?post=1324"},{"taxonomy":"product_cat","embeddable":true,"href":"https:\/\/grafperu.com.pe\/index.php\/wp-json\/wp\/v2\/product_cat?post=1324"},{"taxonomy":"product_tag","embeddable":true,"href":"https:\/\/grafperu.com.pe\/index.php\/wp-json\/wp\/v2\/product_tag?post=1324"}],"curies":[{"name":"wp","href":"https:\/\/api.w.org\/{rel}","templated":true}]}}