{"id":1275,"date":"2022-11-14T21:18:45","date_gmt":"2022-11-15T02:18:45","guid":{"rendered":"https:\/\/grafperu.com.pe\/?page_id=1275"},"modified":"2022-11-17T08:58:57","modified_gmt":"2022-11-17T13:58:57","slug":"regalos-navidenos-corporativos-detalles-navidad-para-empresas-economicos-baratos-por-mayor-logo-giftbox-canastas-navidenas-grafperu","status":"publish","type":"page","link":"https:\/\/grafperu.com.pe\/index.php\/regalos-navidenos-corporativos-detalles-navidad-para-empresas-economicos-baratos-por-mayor-logo-giftbox-canastas-navidenas-grafperu\/","title":{"rendered":"regalos navide\u00f1os corporativos detalles navidad para empresas economicos baratos por mayor logo giftbox canastas navide\u00f1as grafperu"},"content":{"rendered":"<p>[et_pb_section fb_built=\u00bb1&#8243; _builder_version=\u00bb4.19.0&#8243; _module_preset=\u00bbdefault\u00bb global_colors_info=\u00bb{}\u00bb][et_pb_row _builder_version=\u00bb4.19.0&#8243; _module_preset=\u00bbdefault\u00bb global_colors_info=\u00bb{}\u00bb][et_pb_column type=\u00bb4_4&#8243; _builder_version=\u00bb4.19.0&#8243; _module_preset=\u00bbdefault\u00bb global_colors_info=\u00bb{}\u00bb][et_pb_text _builder_version=\u00bb4.19.0&#8243; _module_preset=\u00bbdefault\u00bb global_colors_info=\u00bb{}\u00bb]<\/p>\n<p style=\"text-align: center;\"><span style=\"font-size: medium; color: #000000;\">En Grafperu somos una empresa con m\u00e1s de 10 a\u00f1os de experiencia brindando soluciones corporativas para empresas en Per\u00fa, y ahora hemos creado packs de regalos para celebraciones por navidad y fin de a\u00f1o. Hacemos Env\u00edo de Regalos Navide\u00f1os por delivery a todo<\/span><br \/><span style=\"font-size: medium; color: #000000;\">Lima y Provincia. Sorpr\u00e9ndete con nuestras hermosas propuestas esta navidad 2022.<\/span><\/p>\n<p>[\/et_pb_text][\/et_pb_column][\/et_pb_row][et_pb_row _builder_version=\u00bb4.19.0&#8243; _module_preset=\u00bbdefault\u00bb global_colors_info=\u00bb{}\u00bb][et_pb_column type=\u00bb4_4&#8243; _builder_version=\u00bb4.19.0&#8243; _module_preset=\u00bbdefault\u00bb global_colors_info=\u00bb{}\u00bb][et_pb_shop type=\u00bbproduct_category\u00bb include_categories=\u00bb274&#8243; _builder_version=\u00bb4.19.0&#8243; _module_preset=\u00bbdefault\u00bb custom_margin=\u00bb38px|||||\u00bb hover_enabled=\u00bb0&#8243; global_colors_info=\u00bb{}\u00bb posts_number=\u00bb40&#8243; sticky_enabled=\u00bb0&#8243;][\/et_pb_shop][\/et_pb_column][\/et_pb_row][\/et_pb_section]<\/p>\n","protected":false},"excerpt":{"rendered":"<p>En Grafperu somos una empresa con m\u00e1s de 10 a\u00f1os de experiencia brindando soluciones corporativas para empresas en Per\u00fa, y ahora hemos creado packs de regalos para celebraciones por navidad y fin de a\u00f1o. Hacemos Env\u00edo de Regalos Navide\u00f1os por delivery a todoLima y Provincia. Sorpr\u00e9ndete con nuestras hermosas propuestas esta navidad 2022.<\/p>\n","protected":false},"author":1,"featured_media":0,"parent":0,"menu_order":0,"comment_status":"closed","ping_status":"closed","template":"","meta":{"_et_pb_use_builder":"on","_et_pb_old_content":"<!-- wp:divi\/placeholder \/-->","_et_gb_content_width":"","_joinchat":[],"footnotes":""},"class_list":["post-1275","page","type-page","status-publish","hentry"],"jetpack_sharing_enabled":true,"_links":{"self":[{"href":"https:\/\/grafperu.com.pe\/index.php\/wp-json\/wp\/v2\/pages\/1275","targetHints":{"allow":["GET"]}}],"collection":[{"href":"https:\/\/grafperu.com.pe\/index.php\/wp-json\/wp\/v2\/pages"}],"about":[{"href":"https:\/\/grafperu.com.pe\/index.php\/wp-json\/wp\/v2\/types\/page"}],"author":[{"embeddable":true,"href":"https:\/\/grafperu.com.pe\/index.php\/wp-json\/wp\/v2\/users\/1"}],"replies":[{"embeddable":true,"href":"https:\/\/grafperu.com.pe\/index.php\/wp-json\/wp\/v2\/comments?post=1275"}],"version-history":[{"count":6,"href":"https:\/\/grafperu.com.pe\/index.php\/wp-json\/wp\/v2\/pages\/1275\/revisions"}],"predecessor-version":[{"id":1303,"href":"https:\/\/grafperu.com.pe\/index.php\/wp-json\/wp\/v2\/pages\/1275\/revisions\/1303"}],"wp:attachment":[{"href":"https:\/\/grafperu.com.pe\/index.php\/wp-json\/wp\/v2\/media?parent=1275"}],"curies":[{"name":"wp","href":"https:\/\/api.w.org\/{rel}","templated":true}]}}